{"id":2687,"date":"2025-03-10T15:00:23","date_gmt":"2025-03-10T15:00:23","guid":{"rendered":"https:\/\/mmm.massageimaalov.dk\/?page_id=2687"},"modified":"2026-01-25T20:27:48","modified_gmt":"2026-01-25T20:27:48","slug":"fysiurgisk-massage","status":"publish","type":"page","link":"https:\/\/massageimaalov.dk\/?page_id=2687","title":{"rendered":"Fysiurgisk massage"},"content":{"rendered":"\n\n  <div class=\"banner has-hover\" id=\"banner-2008593334\">\n          <div class=\"banner-inner fill\">\n        <div class=\"banner-bg fill\" >\n                                                \n                    <\/div>\n\t\t\n        <div class=\"banner-layers container\">\n            <div class=\"fill banner-link\"><\/div>            \n\n   <div id=\"text-box-428851677\" class=\"text-box banner-layer x50 md-x50 lg-x50 y50 md-y50 lg-y50 res-text\">\n                                <div class=\"text-box-content text dark\">\n              \n              <div class=\"text-inner text-center\">\n                  \n\n\t<div id=\"text-1640341834\" class=\"text small-heading\">\n\t\t\n\n<h1 class=\"uppercase\">Fysiurgisk massage i M\u00e5l\u00f8v<\/h1>\n\t\t\n<style>\n#text-1640341834 {\n  font-size: 1.55rem;\n}\n@media (min-width:550px) {\n  #text-1640341834 {\n    font-size: 3.5rem;\n  }\n}\n<\/style>\n\t<\/div>\n\t\n\n              <\/div>\n           <\/div>\n                            \n<style>\n#text-box-428851677 {\n  width: 100%;\n}\n#text-box-428851677 .text-box-content {\n  font-size: 100%;\n}\n<\/style>\n    <\/div>\n \n\n        <\/div>\n      <\/div>\n\n            \n<style>\n#banner-2008593334 {\n  padding-top: 125px;\n}\n@media (min-width:550px) {\n  #banner-2008593334 {\n    padding-top: 300px;\n  }\n}\n<\/style>\n  <\/div>\n\n\n\n\t<section class=\"section\" id=\"section_359602259\">\n\t\t<div class=\"section-bg fill\" >\n\t\t\t\t\t\t\t\t\t\n\t\t\t\n\n\t\t<\/div>\n\n\t\t\n\n\t\t<div class=\"section-content relative\">\n\t\t\t\n\n<div class=\"row row-full-width\"  id=\"row-783253244\">\n\n\n\t<div id=\"col-1714287992\" class=\"col hide-for-small medium-1 small-12 large-1\"  >\n\t\t\t\t<div class=\"col-inner\"  >\n\t\t\t\n\t\t\t\n\n\n\t\t<\/div>\n\t\t\t\t\t<\/div>\n\n\t\n\n\t<div id=\"col-1531021289\" class=\"col medium-10 small-12 large-10\"  >\n\t\t\t\t<div class=\"col-inner\" style=\"background-color:rgb(255,255,255);\" >\n\t\t\t\n\t\t\t\n\n\t<div id=\"text-85076176\" class=\"text col-padding-left-right-top\">\n\t\t\n\n<p><b>Hvad er fysiurgisk massage?<\/b><\/p>\n<p>Fysiurgisk massage er en dybdeg\u00e5ende behandlingsform, der arbejder med kroppens muskler og bev\u00e6geapparat. Behandlingen har fokus p\u00e5 at l\u00f8sne sp\u00e6ndinger, \u00f8ge blodcirkulationen og forbedre kroppens bev\u00e6gelighed gennem m\u00e5lrettet arbejde med muskler, sener og led.<\/p>\n<p>Jeg tilbyder fysiurgisk massage i min klinik i M\u00e5l\u00f8v, hvor der er fokus p\u00e5 tryghed, faglighed og individuelt tilpassede behandlinger.<\/p>\n<p><b>Hvad kan behandlingen hj\u00e6lpe med?<\/b><\/p>\n<p>Fysiurgisk massage kan blandt andet v\u00e6re en hj\u00e6lp ved:<\/p>\n<ul>\n<li>muskelsp\u00e6ndinger<\/li>\n<li>smerter og overbelastninger<\/li>\n<li>nedsat bev\u00e6gelighed<\/li>\n<li>stivhed efter stillesiddende arbejde<\/li>\n<li>gener efter sport eller fysisk aktivitet<\/li>\n<\/ul>\n<p>Denne behandlingsform er velegnet til dig, der \u00f8nsker lindring af smerter eller en mere balanceret og velfungerende krop i hverdagen.<\/p>\n<p><b>S\u00e5dan foreg\u00e5r behandlingen<\/b><\/p>\n<p>Ved fysiurgisk massage tilpasses hver behandling dine behov og tager udgangspunkt i din krops aktuelle tilstand. Gener kan skyldes mange ting \u2013 fx gentagne arbejdsstillinger, sport, stress eller l\u00e6ngerevarende sp\u00e6ndinger.<\/p>\n<p>Der kan indg\u00e5 teknikker som dybdeg\u00e5ende tryk, str\u00e6k, ledmobilisering og arbejde med \u00f8mme punkter i muskulaturen. Form\u00e5let er at l\u00f8sne belastede omr\u00e5der og st\u00f8tte kroppens naturlige funktion.<\/p>\n<p><b>Fysiurgisk massage vs. velv\u00e6remassage<\/b><\/p>\n<p>Hvor en klassisk velv\u00e6remassage prim\u00e6rt har fokus p\u00e5 afslapning, har fysiurgisk massage et mere m\u00e5lrettet sigte. Her arbejdes der med muskul\u00e6re ubalancer og sp\u00e6ndinger, som kan v\u00e6re med til at reducere smerter og forebygge tilbagevendende gener.<\/p>\n<p><b>En behandling tilpasset din krop og dine behov<\/b><\/p>\n<p>M\u00e5let med fysiurgisk massage er at skabe bedre bev\u00e6gelsesfrihed, mindre ubehag og \u00f8get kropsligt velv\u00e6re, s\u00e5 din krop fungerer mere frit i hverdagen. Du f\u00e5r en tryg og n\u00e6rv\u00e6rende behandling, hvor der tages hensyn til b\u00e5de dine symptomer og din hverdag.<\/p>\n\t\t\t<\/div>\n\t\n<div class=\"row row-full-width\"  id=\"row-356917643\">\n\n\n\t<div id=\"col-1565171883\" class=\"col small-12 large-12\"  >\n\t\t\t\t<div class=\"col-inner text-center\"  >\n\t\t\t\n\t\t\t\n\n<a href=\"\/?page_id=2923\" class=\"button primary\"  >\n\t\t<span>Book her<\/span>\n\t<\/a>\n\n\n\n\t\t<\/div>\n\t\t\t\t\t<\/div>\n\n\t\n\n<\/div>\n\n\t\t<\/div>\n\t\t\t\t\t<\/div>\n\n\t\n\n\t<div id=\"col-410412645\" class=\"col medium-1 small-12 large-1\"  >\n\t\t\t\t<div class=\"col-inner\"  >\n\t\t\t\n\t\t\t\n\n\n\t\t<\/div>\n\t\t\t\t\t<\/div>\n\n\t\n\n<\/div>\n<div class=\"row row-full-width align-center\"  id=\"row-300431978\">\n\n\n<\/div>\n\n\t\t<\/div>\n\n\t\t\n<style>\n#section_359602259 {\n  padding-top: 30px;\n  padding-bottom: 30px;\n  background-color: rgb(229, 152, 84);\n}\n<\/style>\n\t<\/section>\n\t\n\n","protected":false},"excerpt":{"rendered":"","protected":false},"author":5,"featured_media":0,"parent":0,"menu_order":0,"comment_status":"closed","ping_status":"closed","template":"page-blank.php","meta":{"footnotes":""},"class_list":["post-2687","page","type-page","status-publish","hentry"],"yoast_head":"<!-- This site is optimized with the Yoast SEO Premium plugin v26.7 (Yoast SEO v26.7) - https:\/\/yoast.com\/wordpress\/plugins\/seo\/ -->\n<title>Fysiurgisk massage i M\u00e5l\u00f8v | M\u00e5l\u00f8v Muskel Massage<\/title>\n<meta name=\"description\" content=\"Fysiurgisk massage, der lindrer smerter og sp\u00e6ndinger, forbedrer bev\u00e6gelighed og st\u00f8tter kroppens naturlige balance og velv\u00e6re.\" \/>\n<meta name=\"robots\" content=\"index, follow, max-snippet:-1, max-image-preview:large, max-video-preview:-1\" \/>\n<link rel=\"canonical\" href=\"https:\/\/massageimaalov.dk\/?page_id=2687\" \/>\n<meta property=\"og:locale\" content=\"da_DK\" \/>\n<meta property=\"og:type\" content=\"article\" \/>\n<meta property=\"og:title\" content=\"Fysiurgisk massage\" \/>\n<meta property=\"og:description\" content=\"Fysiurgisk massage, der lindrer smerter og sp\u00e6ndinger, forbedrer bev\u00e6gelighed og st\u00f8tter kroppens naturlige balance og velv\u00e6re.\" \/>\n<meta property=\"og:url\" content=\"https:\/\/massageimaalov.dk\/?page_id=2687\" \/>\n<meta property=\"article:modified_time\" content=\"2026-01-25T20:27:48+00:00\" \/>\n<meta name=\"twitter:card\" content=\"summary_large_image\" \/>\n<meta name=\"twitter:label1\" content=\"Estimeret l\u00e6setid\" \/>\n\t<meta name=\"twitter:data1\" content=\"2 minutter\" \/>\n<script type=\"application\/ld+json\" class=\"yoast-schema-graph\">{\"@context\":\"https:\/\/schema.org\",\"@graph\":[{\"@type\":\"WebPage\",\"@id\":\"https:\/\/massageimaalov.dk\/?page_id=2687\",\"url\":\"https:\/\/massageimaalov.dk\/?page_id=2687\",\"name\":\"Fysiurgisk massage i M\u00e5l\u00f8v | M\u00e5l\u00f8v Muskel Massage\",\"isPartOf\":{\"@id\":\"https:\/\/massageimaalov.dk\/#website\"},\"datePublished\":\"2025-03-10T15:00:23+00:00\",\"dateModified\":\"2026-01-25T20:27:48+00:00\",\"description\":\"Fysiurgisk massage, der lindrer smerter og sp\u00e6ndinger, forbedrer bev\u00e6gelighed og st\u00f8tter kroppens naturlige balance og velv\u00e6re.\",\"breadcrumb\":{\"@id\":\"https:\/\/massageimaalov.dk\/?page_id=2687#breadcrumb\"},\"inLanguage\":\"da-DK\",\"potentialAction\":[{\"@type\":\"ReadAction\",\"target\":[\"https:\/\/massageimaalov.dk\/?page_id=2687\"]}]},{\"@type\":\"BreadcrumbList\",\"@id\":\"https:\/\/massageimaalov.dk\/?page_id=2687#breadcrumb\",\"itemListElement\":[{\"@type\":\"ListItem\",\"position\":1,\"name\":\"Hjem\",\"item\":\"https:\/\/massageimaalov.dk\/\"},{\"@type\":\"ListItem\",\"position\":2,\"name\":\"Fysiurgisk massage\"}]},{\"@type\":\"WebSite\",\"@id\":\"https:\/\/massageimaalov.dk\/#website\",\"url\":\"https:\/\/massageimaalov.dk\/\",\"name\":\"M\u00e5l\u00f8v Muskel Massage\",\"description\":\"\",\"potentialAction\":[{\"@type\":\"SearchAction\",\"target\":{\"@type\":\"EntryPoint\",\"urlTemplate\":\"https:\/\/massageimaalov.dk\/?s={search_term_string}\"},\"query-input\":{\"@type\":\"PropertyValueSpecification\",\"valueRequired\":true,\"valueName\":\"search_term_string\"}}],\"inLanguage\":\"da-DK\"}]}<\/script>\n<!-- \/ Yoast SEO Premium plugin. -->","yoast_head_json":{"title":"Fysiurgisk massage i M\u00e5l\u00f8v | M\u00e5l\u00f8v Muskel Massage","description":"Fysiurgisk massage, der lindrer smerter og sp\u00e6ndinger, forbedrer bev\u00e6gelighed og st\u00f8tter kroppens naturlige balance og velv\u00e6re.","robots":{"index":"index","follow":"follow","max-snippet":"max-snippet:-1","max-image-preview":"max-image-preview:large","max-video-preview":"max-video-preview:-1"},"canonical":"https:\/\/massageimaalov.dk\/?page_id=2687","og_locale":"da_DK","og_type":"article","og_title":"Fysiurgisk massage","og_description":"Fysiurgisk massage, der lindrer smerter og sp\u00e6ndinger, forbedrer bev\u00e6gelighed og st\u00f8tter kroppens naturlige balance og velv\u00e6re.","og_url":"https:\/\/massageimaalov.dk\/?page_id=2687","article_modified_time":"2026-01-25T20:27:48+00:00","twitter_card":"summary_large_image","twitter_misc":{"Estimeret l\u00e6setid":"2 minutter"},"schema":{"@context":"https:\/\/schema.org","@graph":[{"@type":"WebPage","@id":"https:\/\/massageimaalov.dk\/?page_id=2687","url":"https:\/\/massageimaalov.dk\/?page_id=2687","name":"Fysiurgisk massage i M\u00e5l\u00f8v | M\u00e5l\u00f8v Muskel Massage","isPartOf":{"@id":"https:\/\/massageimaalov.dk\/#website"},"datePublished":"2025-03-10T15:00:23+00:00","dateModified":"2026-01-25T20:27:48+00:00","description":"Fysiurgisk massage, der lindrer smerter og sp\u00e6ndinger, forbedrer bev\u00e6gelighed og st\u00f8tter kroppens naturlige balance og velv\u00e6re.","breadcrumb":{"@id":"https:\/\/massageimaalov.dk\/?page_id=2687#breadcrumb"},"inLanguage":"da-DK","potentialAction":[{"@type":"ReadAction","target":["https:\/\/massageimaalov.dk\/?page_id=2687"]}]},{"@type":"BreadcrumbList","@id":"https:\/\/massageimaalov.dk\/?page_id=2687#breadcrumb","itemListElement":[{"@type":"ListItem","position":1,"name":"Hjem","item":"https:\/\/massageimaalov.dk\/"},{"@type":"ListItem","position":2,"name":"Fysiurgisk massage"}]},{"@type":"WebSite","@id":"https:\/\/massageimaalov.dk\/#website","url":"https:\/\/massageimaalov.dk\/","name":"M\u00e5l\u00f8v Muskel Massage","description":"","potentialAction":[{"@type":"SearchAction","target":{"@type":"EntryPoint","urlTemplate":"https:\/\/massageimaalov.dk\/?s={search_term_string}"},"query-input":{"@type":"PropertyValueSpecification","valueRequired":true,"valueName":"search_term_string"}}],"inLanguage":"da-DK"}]}},"_links":{"self":[{"href":"https:\/\/massageimaalov.dk\/index.php?rest_route=\/wp\/v2\/pages\/2687","targetHints":{"allow":["GET"]}}],"collection":[{"href":"https:\/\/massageimaalov.dk\/index.php?rest_route=\/wp\/v2\/pages"}],"about":[{"href":"https:\/\/massageimaalov.dk\/index.php?rest_route=\/wp\/v2\/types\/page"}],"author":[{"embeddable":true,"href":"https:\/\/massageimaalov.dk\/index.php?rest_route=\/wp\/v2\/users\/5"}],"replies":[{"embeddable":true,"href":"https:\/\/massageimaalov.dk\/index.php?rest_route=%2Fwp%2Fv2%2Fcomments&post=2687"}],"version-history":[{"count":12,"href":"https:\/\/massageimaalov.dk\/index.php?rest_route=\/wp\/v2\/pages\/2687\/revisions"}],"predecessor-version":[{"id":3353,"href":"https:\/\/massageimaalov.dk\/index.php?rest_route=\/wp\/v2\/pages\/2687\/revisions\/3353"}],"wp:attachment":[{"href":"https:\/\/massageimaalov.dk\/index.php?rest_route=%2Fwp%2Fv2%2Fmedia&parent=2687"}],"curies":[{"name":"wp","href":"https:\/\/api.w.org\/{rel}","templated":true}]}}